r when 165 is divided by 27.
3
Calculate the remainder when 6859 is divided by 47.
44
Calculate the remainder when 15011 is divided by 15.
11
What is the remainder when 1612 is divided by 81?
73
What is the remainder when 1696 is divided by 63?
58
What is the remainder when 106 is divided by 46?
14
What is the remainder when 680 is divided by 75?
5
Calculate the remainder when 465 is divided by 117.
114
Calculate the remainder when 2845 is divided by 43.
7
Calculate the remainder when 345 is divided by 11.
4
Calculate the remainder when 104 is divided by 11.
5
What is the remainder when 60 is divided by 19?
3
What is the remainder when 2269 is divided by 28?
1
What is the remainder when 6422 is divided by 73?
71
Calculate the remainder when 1440 is divided by 209.
186
What is the remainder when 141 is divided by 36?
33
Calculate the remainder when 215 is divided by 95.
25
Calculate the remainder when 136 is divided by 12.
4
Calculate the remainder when 34 is divided by 20.
14
Calculate the remainder when 137 is divided by 64.
9
Calculate the remainder when 366 is divided by 49.
23
What is the remainder when 2665 is divided by 33?
25
What is the remainder when 716 is divided by 3?
2
Calculate the remainder when 2327 is divided by 63.
59
Calculate the remainder when 1720 is divided by 41.
39
What is the remainder when 1412 is divided by 118?
114
Calculate the remainder when 296 is divided by 82.
50
Calculate the remainder when 417 is divided by 38.
37
What is the remainder when 143 is divided by 36?
35
Calculate the remainder when 526 is divided by 12.
10
Calculate the remainder when 217 is divided by 62.
31
Calculate the remainder when 304 is divided by 97.
13
Calculate the remainder when 945 is divided by 188.
5
What is the remainder when 222 is divided by 7?
5
What is the remainder when 188 is divided by 64?
60
What is the remainder when 401 is divided by 100?
1
What is the remainder when 229 is divided by 59?
52
What is the remainder when 92 is divided by 59?
33
Calculate the remainder when 42 is divided by 26.
16
Calculate the remainder when 13234 is divided by 427.
424
Calculate the remainder when 35 is divided by 12.
11
What is the remainder when 644 is divided by 634?
10
What is the remainder when 1900 is divided by 31?
9
Calculate the remainder when 292 is divided by 142.
8
What is the remainder when 55 is divided by 55?
0
Calculate the remainder when 5021 is divided by 2505.
11
Calculate the remainder when 5 is divided by 2.
1
Calculate the remainder when 578 is divided by 58.
56
Calculate the remainder when 504 is divided by 130.
114
What is the remainder when 746 is divided by 15?
11
What is the remainder when 153 is divided by 58?
37
Calculate the remainder when 227 is divided by 76.
75
Calculate the remainder when 645 is divided by 54.
51
Calculate the remainder when 419 is divided by 18.
5
What is the remainder when 1033 is divided by 113?
16
Calculate the remainder when 1244 is divided by 3.
2
Calculate the remainder when 1106 is divided by 5.
1
What is the remainder when 1457 is divided by 24?
17
What is the remainder when 14152 is divided by 7?
5
Calculate the remainder when 920 is divided by 28.
24
What is the remainder when 75 is divided by 20?
15
What is the remainder when 1493 is divided by 619?
255
What is the remainder when 84 is divided by 42?
0
What is the remainder when 65 is divided by 40?
25
What is the remainder when 1041 is divided by 135?
96
What is the remainder when 1048 is divided by 14?
12
What is the remainder when 280 is divided by 47?
45
Calculate the remainder when 115 is divided by 24.
19
Calculate the remainder when 28 is divided by 6.
4
What is the remainder when 387 is divided by 190?
7
What is the remainder when 125 is divided by 38?
11
What is the remainder when 60 is divided by 38?
22
Calculate the remainder when 467 is divided by 26.
25
What is the remainder when 20 is divided by 6?
2
Calculate the remainder when 26 is divided by 9.
8
What is the remainder when 4136 is divided by 45?
41
Calculate the remainder when 231 is divided by 12.
3
Calculate the remainder when 13 is divided by 1.
0
What is the remainder when 143 is divided by 22?
11
What is the remainder when 85 is divided by 15?
10
What is the remainder when 17835 is divided by 49?
48
What is the remainder when 999 is divided by 244?
23
What is the remainder when 499 is divided by 160?
19
Calculate the remainder when 225 is divided by 101.
23
What is the remainder when 2710 is divided by 70?
50
What is the remainder when 210 is divided by 42?
0
Calculate the remainder when 274 is divided by 127.
20
Calculate the remainder when 265 is divided by 217.
48
Calculate the remainder when 895 is divided by 150.
145
What is the remainder when 197 is divided by 67?
63
What is the remainder when 721 is divided by 27?
19
Calculate the remainder when 246 is divided by 77.
15
What is the remainder when 221 is divided by 6?
5
What is the remainder when 121 is divided by 31?
28
Calculate the remainder when 122 is divided by 34.
20
Calculate the remainder when 277 is divided by 270.
7
Calculate the remainder when 223 is divided by 40.
23
What is the remainder when 1422 is divided by 1382?
40
What is the remainder when 185 is divided by 5?
0
Calculate the remainder when 54 is divided by 16.
6
What is the remainder when 400 is divided by 27?
22
Calculate the remainder when 357 is divided by 40.
37
Calculate the remainder when 251 is divided by 27.
8
Calculate the remainder when 486 is divided by 150.
36
What is the remainder when 895 is divided by 29?
25
What is the remainder when 2839 is divided by 118?
7
Calculate the remainder when 32 is divided by 11.
10
What is the remainder when 121 is divided by 118?
3
Calculate the remainder when 699 is divided by 683.
16
What is the remainder when 517 is divided by 31?
21
Calculate the remainder when 91 is divided by 46.
45
Calculate the remainder when 490 is divided by 489.
1
Calculate the remainder when 137 is divided by 14.
11
Calculate the remainder when 573 is divided by 212.
149
What is the remainder when 773 is divided by 49?
38
Calculate the remainder when 860 is divided by 48.
44
What is the remainder when 222 is divided by 28?
26
What is the remainder when 1206 is divided by 90?
36
What is the remainder when 1923 is divided by 41?
37
Calculate the remainder when 197 is divided by 27.
8
What is the remainder when 2510 is divided by 318?
284
What is the remainder when 1065 is divided by 97?
95
Calculate the remainder when 108 is divided by 38.
32
Calculate the remainder when 664 is divided by 185.
109
What is the remainder when 143 is divided by 64?
15
Calculate the remainder when 44 is divided by 10.
4
What is the remainder when 387 is divided by 13?
10
Calculate the remainder when 144 is divided by 29.
28
Calculate the remainder when 264 is divided by 67.
63
What is the remainder when 16363 is divided by 6?
1
What is the remainder when 215 is divided by 85?
45
What is the remainder when 179 is divided by 60?
59
What is the remainder when 7014 is divided by 23?
22
What is the remainder when 261 is divided by 11?
8
What is the remainder when 202 is divided by 5?
2
Calculate the remainder when 4907 is divided by 1225.
7
Calculate the remainder when 588 is divided by 275.
38
What is the remainder when 142 is divided by 74?
68
Calculate the remainder when 2034 is divided by 55.
54
What is the remainder when 197 is divided by 26?
15
Calculate the remainder when 3005 is divided by 94.
91
Calculate the remainder when 2506 is divided by 64.
10
Calculate the remainder when 58 is divided by 30.
28
Calculate the remainder when 1664 is divided by 154.
124
What is the remainder when 640 is divided by 44?
24
Calculate the remainder when 463 is divided by 215.
33
What is the remainder when 71 is divided by 18?
17
What is the remainder when 597 is divided by 46?
45
What is the remainder when 1251 is divided by 7?
5
What is the remainder when 178 is divided by 175?
3
Calculate the remainder when 990 is divided by 16.
14
Calculate the remainder when 61 is divided by 9.
7
What is the remainder when 4100 is divided by 38?
34
What is the remainder when 109 is divided by 27?
1
What is the remainder when 246 is divided by 84?